{"id":496,"date":"2013-03-24T10:52:21","date_gmt":"2013-03-24T10:52:21","guid":{"rendered":"http:\/\/www.euskalmemoriala.net\/eu\/?page_id=496"},"modified":"2013-04-22T06:07:05","modified_gmt":"2013-04-22T06:07:05","slug":"maria-juana-guesalaga","status":"publish","type":"page","link":"https:\/\/www.euskalmemoriala.net\/eu\/?page_id=496","title":{"rendered":"Mar\u00eda Luisa Guesalagarekin elkarrizketa, Mar\u00eda Juana Guesalagaren iloba"},"content":{"rendered":"<p><span style=\"float: left; margin-right: 10px; padding: 10px;\"><img decoding=\"async\" title=\"Maria Juana Guesalagaren eta Jose Miguel Beguiristainen ezkontzako argazkia\" alt=\"\" src=\"http:\/\/www.euskalmemoriala.net\/eu\/wp-content\/uploads\/2013\/03\/guesalaga-1.jpg\" \/><\/span><\/p>\n<p align=\"justify\">Maria Juana Guesalaga Zarautzen jaio zen 1907ko abenduaren 3an. 1931ko urriaren 15ean Jose Miguel Beguiristainekin ezkondu zen. Tolosan jaioa zen Beguiristain, zapataria eta Alderdi Komunistan afiliatua. Gerra Zibilean militante aktiboa izan zen eta UGTn ere afiliatuta egon zen 1936ko maiatzaren 1etik aurrera, haren batailoietako batean ibili zen eta Katalunian Madrilgo euskal batailoietan teniente izan zen.<\/p>\n<p align=\"justify\">Fronte errepublikar nagusiak erori ondoren, bikoteak Frantziara ihes egin behar izan zuen 1939an eta Bordelen erbesteratu ziren, aurretik Le Barcar\u00e8s eta Gurs esparruetatik igarota.<\/p>\n<p align=\"justify\">Jose Miguel Beguiristainek Frantzian jarraitu zuen jarduera politikoak egiten. Frantziako Atzerritar Legioan sartu zen eta Alderdi Komunistan militante klandestinoentzako dokumentazio faltsua eskuratzeaz arduratzen zen taldeko kide izan zen. Horregatik, tropa naziek jada okupatua zuten Frantziako erbestetik, bi aldiz gurutzatu zuen0 1942an muga zedula pertsonalak eskuratu eta Bordelera eramateko misioan. Bidaia klandestino haietan bizia arriskuan jarri zuen muga agiririk gabe igaro baitzuen aurretik kontrabandistei ordainduta.<\/p>\n<p><span style=\"float: right; margin-left: 10px; padding: 10px;\"><img decoding=\"async\" title=\"Mar\u00eda Juana Guesalaga\" alt=\"\" src=\"http:\/\/www.euskalmemoriala.net\/eu\/wp-content\/uploads\/2013\/03\/gesalaga-5.jpg\" \/><\/span><\/p>\n<p align=\"justify\">Bidaia klandestino arriskutsu haietako batetik itzultzean, Jose Miguel Beguiristainek jakin zuen emaztea, Maria Guesalaga, naziek atxilotu zutela. Jose Miguel desagertu egin zen eta betiko galdu zen haren arrastoa. Maria Paris iparraldeko Compi\u00e8gne bitarteko esparrura iritsi zen, 1943ko apirilaren 28an.<\/p>\n<p><span style=\"float: left; margin-right: 10px; padding: 10px;\"><img decoding=\"async\" title=\"Alemaniako Ravensbr\u00fcck esparruan, Fritz Cermer-ek eginiko monumentua\" alt=\"\" src=\"http:\/\/www.euskalmemoriala.net\/eu\/wp-content\/uploads\/2013\/03\/guesalaga-2.jpg\" \/><\/span><\/p>\n<p align=\"justify\">Handik bi egunera, apirilaren 30ean, 1096 emakume presorekin batera Ravensbr\u00fcck esparrura bidali zuten konboi batean. Emakumeentzako esparrua zen hura, Berlindik 90 kilometro iparraldera zegoena. Han sartu zen 19424 matrikula-zenbakiarekin, Maria Beguiristain izenarekin, senarraren abizena hartuta; hala egiten baitute Frantzian.<\/p>\n<p><span style=\"float: left; margin-right: 10px; padding: 10px;\"><img decoding=\"async\" title=\"Alemaniako Ravensbr\u00fcck esparruan, Fritz Cermer-ek eginiko monumentua\" alt=\"\" src=\"http:\/\/www.euskalmemoriala.net\/eu\/wp-content\/uploads\/2013\/03\/guesalaga-3.jpg\" \/><\/span><\/p>\n<p align=\"justify\">Rita Perez asturiarra, askatasunaren aldeko borrokan sinesten zuena, ezagutu zuen esparruan. Rita Bordelen familiarekin bizi zen 1915eko azarotik eta hura ere Compi\u00e8gne esparrutik iritsi zen Ravensbr\u00fcck-era. Ritaren senarra eta bi semeak atxilotu eta kontzentrazio-esparruetara bidali zituzten. Senarra, Gregorio Perez, Sauchsenhausen esparruan hil zen. Paul, seme gazteena, Orrienenburg deuseztatze-esparruan hil zen. Francisco, zaharrena, bizirik atera zen Dachau esparrutik.<\/p>\n<p><span style=\"float: right; margin-left: 10px; padding: 10px;\"><img decoding=\"async\" title=\"Rita Perezen erbesteratu-agiria. lehengo gudarien eta gerrako biktimen Frantziako Ministerioak 1952an igorria.\" alt=\"\" src=\"http:\/\/www.euskalmemoriala.net\/eu\/wp-content\/uploads\/2013\/03\/guesalaga-4.jpg\" \/><\/span><\/p>\n<p align=\"justify\"><em>\u201cEgin beharra genuelako egin dugu egin duguna. Faxismoari aurre egin diogu, aurre egin behar baitzaio faxismoari, edozein tokitan dagoela ere. Gerra irabazteari esker, faxismoa ez da Europan ezarri. Aliatuen garaipenari esker, herrialde asko askatu egin dira\u00bb<sup> (1)<\/sup>.<\/em><\/p>\n<p align=\"justify\">Biak, Maria eta Rita, bizirik atera ziren Ravensbr\u00fcck-eko izugarrikerietatik eta emakume eta haurrekin egindako osasun-esperimentuetatik, eta aliatuek 1945eko apirilaren 23an askatu zituztenean, Bordelera itzuli ziren.<\/p>\n<p><span style=\"float: left; margin-right: 10px; padding: 10px;\"><img decoding=\"async\" title=\"Francisco Perez, Dachau-ra erbesteratu zuten eta Maria Guesalagarekin ezkondu zen. \/ Maria, Rita eta Francisco.\" alt=\"\" src=\"http:\/\/www.euskalmemoriala.net\/eu\/wp-content\/uploads\/2013\/03\/guesalaga-6.jpg\" \/><\/span><\/p>\n<p align=\"justify\">Lagun minak bihurtu ziren. Maria, Ritaren seme Franciscorekin ezkondu zen Bordelen 1956ko azaroaren 19an eta han bizi izan ziren.<\/p>\n<p align=\"justify\"><em>\u201cOsaba Paco benetako jauna zen, bene-benetakoa. Izebari, pasatu zituen guztiak pasatu ondoren, Pacorekin ezkontzea izan zen gertatu zitzaion onena\u201d. (Maria Luisa Guesalaga, Maria Guesalagaren iloba)<\/em><\/p>\n<p align=\"justify\">Diktadura frankistak iraun zuen bitartean, Maria gutun bidez komunikatu zen Zarauzko familiarekin eta noiz edo noiz muga zeharkatu ahal izan zuten elkar ikusteko. Mariak, ilobak, maitasunez gogoratzen ditu izebak Bordeletik bidalitako gutunak eta opariak jasotzen zituzten uneak.<\/p>\n<p align=\"justify\"><em>\u201cDenon izeba zen. Opariak bidaltzen zizkigun; ezin eskuzabalagoa izan zen bizi izan zen artean.\u201d (Maria Luisa Guesalaga)<\/em><\/p>\n<p align=\"justify\">Hala ere, familian eta Zarauzko inguruan, ez zen Maria Guesalagak bizi izan zituenei buruz hitzik egiten; ezta kontzentrazio-esparruko egonaldiaz ere. Isiltasunaren urteak ziren.<\/p>\n<p align=\"justify\"><em>\u201cEz zen hitzik egiten, ez zen hitzik egiten&#8230; nik ez dut gogoratzen, ez familian, ez herrian&#8230; Lotsa, beldurra, hemen ere gerra izana zen. Hobe bazterrak ez nahastea\u201d. (Maria Luisa Guesalaga)<\/em><\/p>\n<p align=\"justify\">Francisco Perez hil egin zen eta Maria Guesalaga alargun gelditu zen. Bordelen bizitzen jarraitu zuen, baita demokrazia iritsi ondoren ere. Bere bizitzako azken urteetan, osasun-arrazoiak medio, Zarautza itzultzera erabaki zuen, familiarengandik gertu egoteko. Ilobek zaindu zuten.<\/p>\n<p align=\"justify\">Jaioterrian hil zen 2005eko martxoaren 7an, 97 urte zituela.<\/p>\n<p align=\"justify\"><span style=\"font-size: x-small;\"><sup>(1)<\/sup><\/span><span style=\"font-size: x-small;\">Rita Perezen lekukotza: Neus Catal\u00e1. <em>De la resistencia y la deportaci\u00f3n. 50 testimonios de mujeres espa\u00f1olas. Pen\u00ednsula, 2000.<\/em> Linean ere eskuragarri: <a href=\"http:\/\/www.ceibm.org\/neuscata0000.html\" target=\"_blank\">www.ceibm.org\/neuscata0000.html<\/a><\/span><\/p>\n","protected":false},"excerpt":{"rendered":"<p>Maria Juana Guesalaga Zarautzen jaio zen 1907ko abenduaren 3an. 1931ko urriaren 15ean Jose Miguel Beguiristainekin ezkondu zen. Tolosan jaioa zen Beguiristain, zapataria eta Alderdi Komunistan afiliatua. Gerra Zibilean militante aktiboa izan zen eta UGTn ere afiliatuta egon zen 1936ko maiatzaren 1etik aurrera, haren batailoietako batean ibili zen eta Katalunian Madrilgo euskal batailoietan teniente izan zen. [&hellip;]<\/p>\n","protected":false},"author":2,"featured_media":0,"parent":0,"menu_order":0,"comment_status":"open","ping_status":"open","template":"page-templates\/full-width.php","meta":{"footnotes":""},"class_list":["post-496","page","type-page","status-publish","hentry"],"_links":{"self":[{"href":"https:\/\/www.euskalmemoriala.net\/eu\/index.php?rest_route=\/wp\/v2\/pages\/496","targetHints":{"allow":["GET"]}}],"collection":[{"href":"https:\/\/www.euskalmemoriala.net\/eu\/index.php?rest_route=\/wp\/v2\/pages"}],"about":[{"href":"https:\/\/www.euskalmemoriala.net\/eu\/index.php?rest_route=\/wp\/v2\/types\/page"}],"author":[{"embeddable":true,"href":"https:\/\/www.euskalmemoriala.net\/eu\/index.php?rest_route=\/wp\/v2\/users\/2"}],"replies":[{"embeddable":true,"href":"https:\/\/www.euskalmemoriala.net\/eu\/index.php?rest_route=%2Fwp%2Fv2%2Fcomments&post=496"}],"version-history":[{"count":82,"href":"https:\/\/www.euskalmemoriala.net\/eu\/index.php?rest_route=\/wp\/v2\/pages\/496\/revisions"}],"predecessor-version":[{"id":741,"href":"https:\/\/www.euskalmemoriala.net\/eu\/index.php?rest_route=\/wp\/v2\/pages\/496\/revisions\/741"}],"wp:attachment":[{"href":"https:\/\/www.euskalmemoriala.net\/eu\/index.php?rest_route=%2Fwp%2Fv2%2Fmedia&parent=496"}],"curies":[{"name":"wp","href":"https:\/\/api.w.org\/{rel}","templated":true}]}}

María Luisa Guesalagarekin elkarrizketa, María Juana Guesalagaren iloba

<p><span style="float: left; margin-right: 10px; padding: 10px;"><img decoding="async" title="Maria Juana Guesalagaren eta Jose Miguel Beguiristainen ezkontzako argazkia" alt="" src="http://www.euskalmemoriala.net/eu/wp-content/uploads/2013/03/guesalaga-1.jpg" /></span></p>
<p align="justify">Maria Juana Guesalaga Zarautzen jaio zen 1907ko abenduaren 3an. 1931ko urriaren 15ean Jose Miguel Beguiristainekin ezkondu zen. Tolosan jaioa zen Beguiristain, zapataria eta Alderdi Komunistan afiliatua. Gerra Zibilean militante aktiboa izan zen eta UGTn ere afiliatuta egon zen 1936ko maiatzaren 1etik aurrera, haren batailoietako batean ibili zen eta Katalunian Madrilgo euskal batailoietan teniente izan zen.</p>
<p align="justify">Fronte errepublikar nagusiak erori ondoren, bikoteak Frantziara ihes egin behar izan zuen 1939an eta Bordelen erbesteratu ziren, aurretik Le Barcarès eta Gurs esparruetatik igarota.</p>
<p align="justify">Jose Miguel Beguiristainek Frantzian jarraitu zuen jarduera politikoak egiten. Frantziako Atzerritar Legioan sartu zen eta Alderdi Komunistan militante klandestinoentzako dokumentazio faltsua eskuratzeaz arduratzen zen taldeko kide izan zen. Horregatik, tropa naziek jada okupatua zuten Frantziako erbestetik, bi aldiz gurutzatu zuen0 1942an muga zedula pertsonalak eskuratu eta Bordelera eramateko misioan. Bidaia klandestino haietan bizia arriskuan jarri zuen muga agiririk gabe igaro baitzuen aurretik kontrabandistei ordainduta.</p>
<p><span style="float: right; margin-left: 10px; padding: 10px;"><img decoding="async" title="María Juana Guesalaga" alt="" src="http://www.euskalmemoriala.net/eu/wp-content/uploads/2013/03/gesalaga-5.jpg" /></span></p>
<p align="justify">Bidaia klandestino arriskutsu haietako batetik itzultzean, Jose Miguel Beguiristainek jakin zuen emaztea, Maria Guesalaga, naziek atxilotu zutela. Jose Miguel desagertu egin zen eta betiko galdu zen haren arrastoa. Maria Paris iparraldeko Compiègne bitarteko esparrura iritsi zen, 1943ko apirilaren 28an.</p>
<p><span style="float: left; margin-right: 10px; padding: 10px;"><img decoding="async" title="Alemaniako Ravensbrück esparruan, Fritz Cermer-ek eginiko monumentua" alt="" src="http://www.euskalmemoriala.net/eu/wp-content/uploads/2013/03/guesalaga-2.jpg" /></span></p>
<p align="justify">Handik bi egunera, apirilaren 30ean, 1096 emakume presorekin batera Ravensbrück esparrura bidali zuten konboi batean. Emakumeentzako esparrua zen hura, Berlindik 90 kilometro iparraldera zegoena. Han sartu zen 19424 matrikula-zenbakiarekin, Maria Beguiristain izenarekin, senarraren abizena hartuta; hala egiten baitute Frantzian.</p>
<p><span style="float: left; margin-right: 10px; padding: 10px;"><img decoding="async" title="Alemaniako Ravensbrück esparruan, Fritz Cermer-ek eginiko monumentua" alt="" src="http://www.euskalmemoriala.net/eu/wp-content/uploads/2013/03/guesalaga-3.jpg" /></span></p>
<p align="justify">Rita Perez asturiarra, askatasunaren aldeko borrokan sinesten zuena, ezagutu zuen esparruan. Rita Bordelen familiarekin bizi zen 1915eko azarotik eta hura ere Compiègne esparrutik iritsi zen Ravensbrück-era. Ritaren senarra eta bi semeak atxilotu eta kontzentrazio-esparruetara bidali zituzten. Senarra, Gregorio Perez, Sauchsenhausen esparruan hil zen. Paul, seme gazteena, Orrienenburg deuseztatze-esparruan hil zen. Francisco, zaharrena, bizirik atera zen Dachau esparrutik.</p>
<p><span style="float: right; margin-left: 10px; padding: 10px;"><img decoding="async" title="Rita Perezen erbesteratu-agiria. lehengo gudarien eta gerrako biktimen Frantziako Ministerioak 1952an igorria." alt="" src="http://www.euskalmemoriala.net/eu/wp-content/uploads/2013/03/guesalaga-4.jpg" /></span></p>
<p align="justify"><em>“Egin beharra genuelako egin dugu egin duguna. Faxismoari aurre egin diogu, aurre egin behar baitzaio faxismoari, edozein tokitan dagoela ere. Gerra irabazteari esker, faxismoa ez da Europan ezarri. Aliatuen garaipenari esker, herrialde asko askatu egin dira»<sup> (1)</sup>.</em></p>
<p align="justify">Biak, Maria eta Rita, bizirik atera ziren Ravensbrück-eko izugarrikerietatik eta emakume eta haurrekin egindako osasun-esperimentuetatik, eta aliatuek 1945eko apirilaren 23an askatu zituztenean, Bordelera itzuli ziren.</p>
<p><span style="float: left; margin-right: 10px; padding: 10px;"><img decoding="async" title="Francisco Perez, Dachau-ra erbesteratu zuten eta Maria Guesalagarekin ezkondu zen. / Maria, Rita eta Francisco." alt="" src="http://www.euskalmemoriala.net/eu/wp-content/uploads/2013/03/guesalaga-6.jpg" /></span></p>
<p align="justify">Lagun minak bihurtu ziren. Maria, Ritaren seme Franciscorekin ezkondu zen Bordelen 1956ko azaroaren 19an eta han bizi izan ziren.</p>
<p align="justify"><em>“Osaba Paco benetako jauna zen, bene-benetakoa. Izebari, pasatu zituen guztiak pasatu ondoren, Pacorekin ezkontzea izan zen gertatu zitzaion onena”. (Maria Luisa Guesalaga, Maria Guesalagaren iloba)</em></p>
<p align="justify">Diktadura frankistak iraun zuen bitartean, Maria gutun bidez komunikatu zen Zarauzko familiarekin eta noiz edo noiz muga zeharkatu ahal izan zuten elkar ikusteko. Mariak, ilobak, maitasunez gogoratzen ditu izebak Bordeletik bidalitako gutunak eta opariak jasotzen zituzten uneak.</p>
<p align="justify"><em>“Denon izeba zen. Opariak bidaltzen zizkigun; ezin eskuzabalagoa izan zen bizi izan zen artean.” (Maria Luisa Guesalaga)</em></p>
<p align="justify">Hala ere, familian eta Zarauzko inguruan, ez zen Maria Guesalagak bizi izan zituenei buruz hitzik egiten; ezta kontzentrazio-esparruko egonaldiaz ere. Isiltasunaren urteak ziren.</p>
<p align="justify"><em>“Ez zen hitzik egiten, ez zen hitzik egiten&#8230; nik ez dut gogoratzen, ez familian, ez herrian&#8230; Lotsa, beldurra, hemen ere gerra izana zen. Hobe bazterrak ez nahastea”. (Maria Luisa Guesalaga)</em></p>
<p align="justify">Francisco Perez hil egin zen eta Maria Guesalaga alargun gelditu zen. Bordelen bizitzen jarraitu zuen, baita demokrazia iritsi ondoren ere. Bere bizitzako azken urteetan, osasun-arrazoiak medio, Zarautza itzultzera erabaki zuen, familiarengandik gertu egoteko. Ilobek zaindu zuten.</p>
<p align="justify">Jaioterrian hil zen 2005eko martxoaren 7an, 97 urte zituela.</p>
<p align="justify"><span style="font-size: x-small;"><sup>(1)</sup></span><span style="font-size: x-small;">Rita Perezen lekukotza: Neus Catalá. <em>De la resistencia y la deportación. 50 testimonios de mujeres españolas. Península, 2000.</em> Linean ere eskuragarri: <a href="http://www.ceibm.org/neuscata0000.html" target="_blank">www.ceibm.org/neuscata0000.html</a></span></p>
